 + 2a?
-12e3f
In base 6, what is -3 - 51032?
-51035
In base 11, what is -4935 - -72?
-4873
In base 3, what is 11 - 12220?
-12202
In base 3, what is 1212000200 + 10?
1212000210
In base 15, what is 705e + -23?
703b
In base 14, what is -254 - 10?
-264
In base 8, what is -3201 + -46?
-3247
In base 16, what is -d + faa?
f9d
In base 11, what is -56a + -2717?
-3186
In base 11, what is -8598 + -69?
-8656
In base 14, what is 75 - b9?
-44
In base 10, what is 1 - -38891?
38892
In base 6, what is -1 + -13105445?
-13105450
In base 13, what is 987 + 43?
9ca
In base 13, what is 1b + aba?
b08
In base 5, what is -23 + 1142322?
1142244
In base 4, what is -12 - -31002?
30330
In base 8, what is -134526 + -24?
-134552
In base 16, what is -bac61 + -3?
-bac64
In base 13, what is 74 - 2503?
-245c
In base 5, what is -223403 + -3?
-223411
In base 16, what is d0 - -5cc?
69c
In base 12, what is -6108 + -29?
-6135
In base 11, what is -10 + -a4729?
-a4739
In base 3, what is 11 - 202122022122?
-202122022111
In base 2, what is 11001001101 - 110100?
11000011001
In base 15, what is -4c45 - -5?
-4c40
In base 3, what is -102 + 1100001?
1022122
In base 12, what is 20 + 114?
134
In base 10, what is -934 + -371?
-1305
In base 7, what is 20304225 - -5?
20304233
In base 4, what is 30 + -120320?
-120230
In base 4, what is 232132 + 2?
232200
In base 13, what is 1590 - -35?
15c5
In base 14, what is 5c1 - -5?
5c6
In base 7, what is -2125 + -1413?
-3541
In base 5, what is 3401 - 22034?
-13133
In base 5, what is -242243313 + 10?
-242243303
In base 11, what is 39 + -34544?
-34506
In base 14, what is d - b674?
-b665
In base 10, what is 14205 + 22?
14227
In base 11, what is -35368 + -2?
-3536a
In base 15, what is -566 + 34?
-532
In base 10, what is -7 + -1612?
-1619
In base 10, what is 1021 + -40?
981
In base 12, what is 159795 - 2?
159793
In base 14, what is -4 - -433b9?
433b5
In base 15, what is 2e - -34c?
37b
In base 5, what is -124 - -4102?
3423
In base 11, what is -33 - -212?
18a
In base 13, what is -13bb + 35?
-1386
In base 10, what is -33558 - 9?
-33567
In base 6, what is -2401453 + -3?
-2401500
In base 14, what is abc + 2?
ac0
In base 8, what is 1 + -607?
-606
In base 11, what is -13692a + -2?
-136931
In base 4, what is -20132230 + 12?
-20132212
In base 6, what is 3040 + -5011?
-1531
In base 16, what is 54ba + c?
54c6
In base 8, what is -34036 + 76?
-33740
In base 7, what is 51023160 + 0?
51023160
In base 4, what is -1011033 + -11?
-1011110
In base 5, what is 243 + -24313?
-24020
In base 7, what is -1 - 133320?
-133321
In base 16, what is 53b1 - 8?
53a9
In base 9, what is -22762 - -10?
-22752
In base 2, what is 100100011 + -11110110011110?
-11110001111011
In base 10, what is 17 + -7453?
-7436
In base 4, what is -10 - 2311?
-2321
In base 13, what is -4761c - 1?
-47620
In base 9, what is -1 - 21454?
-21455
In base 9, what is 17401 + -4?
17386
In base 6, what is 1111 - 154?
513
In base 13, what is 3 + -25059?
-25056
In base 11, what is -1a196 + 135?
-1a061
In base 2, what is -10101001011000 + 11?
-10101001010101
In base 12, what is -524 - -629?
105
In base 9, what is 1805723 + 2?
1805725
In base 5, what is 1411124 + -1?
1411123
In base 10, what is -2 + 187763?
187761
In base 15, what is -2 - 3c85?
-3c87
In base 11, what is -a9 + 6963?
6865
In base 6, what is -142 + 1?
-141
In base 11, what is -7a - -99?
1a
In base 3, what is -2122 + -111201?
-121100
In base 12, what is -34 - -2823?
27ab
In base 12, what is -7 - -74b09?
74b02
In base 10, what is -7 + 325642?
325635
In base 8, what is -3155 + 63?
-3072
In base 14, what is -2c163 + -3?
-2c166
In base 6, what is 415 + 2540?
3355
In base 13, what is 29 + -b88?
-b5c
In base 8, what is -64120 - -5?
-64113
In base 13, what is 23b57 + -26?
23b31
In base 10, what is -360618 - -2?
-360616
In base 12, what is -3a427b - 5?
-3a4284
In base 4, what is -12031332 - 2?
-12032000
In base 3, what is -1 - -110012211?
110012210
In base 3, what is -1121 + -221201?
-1000022
In base 10, what is -501350 + 4?
-501346
In base 12, what is -13 + -1654?
-1667
In base 7, what is -115021 + 2?
-115016
In base 4, what is 23123 + -132210?
-103021
In base 6, what is 11 + -23014?
-23003
In base 4, what is 11 - -31210?
31221
In base 15, what is 382 + -1?
381
In base 3, what is -12 - 110210022?
-110210111
In base 16, what is 47c58 - -2?
47c5a
In base 11, what is 5a316 - -5?
5a320
In base 9, what is -7620 - 833?
-8553
In base 5, what is -3 + -1042342?
-1042400
In base 6, what is 2 + 1501124?
1501130
In base 6, what is -34205 - 20?
-34225
In base 9, what is 14633 - -8?
14642
In base 3, what is 110 - -12112011?
12112121
In base 4, what is -1102221031 + 1?
-1102221030
In base 11, what is -2 - 53a23a?
-53a241
In base 8, what is -4015 + 3?
-4012
In base 16, what is 4 - -742d?
7431
In base 7, what is -23332 + -5?
-23340
In base 11, what is 8 + 861?
869
In base 13, what is 11267 - -8?
11272
In base 11, what is -106 + 803?
6a8
In base 9, what is -18 + -73102?
-73121
In base 14, what is 0 + -238d?
-238d
In base 12, what is -2 - 4689?
-468b
In base 16, what is 4622 - -f?
4631
In base 4, what is -33003 - 130001?
-223010
In base 3, what is 11122011122011 - 2?
11122011122002
In base 9, what is 22 - 166?
-144
In base 12, what is -b5a - b?
-b69
In base 6, what is 5424452 - -5?
5424501
In base 4, what is -113133112 - 1?
-113133113
In base 13, what is 70899 + 4?
708a0
In base 2, what is -11000111101 - 110000?
-11001101101
In base 15, what is -1 - -ae87?
ae86
In base 8, what is 264 + -21547?
-21263
In base 16, what is 7faa7 - 4?
7faa3
In base 15, what is 3 + 2da4?
2da7
In base 2, what is -110010000 + 1010011?
-100111101
In base 16, what is 55f3 + 8?
55fb
In base 12, what is -19 - -b215?
b1b8
In base 6, what is -5 + 4244543?
4244534
In base 5, what is 11203 - -33034?
44242
In base 3, what is 2 - 202022220?
-202022211
In base 13, what is -170 + -1c2?
-362
In base 4, what is 320003200 - -3?
320003203
In base 6, what is 4 + -225314?
-225310
In base 13, what is -13c35 + -3?
-13c38
In base 5, what is -1231111 - -3?
-1231103
In base 13, what is 186b - -29c?
1b3a
In base 3, what is -1 - -1011010?
1011002
In base 6, what is 5034531 - 4?
5034523
In base 9, what is -66 - 1682?
-1758
In base 8, what is 207 - 2467?
-2260
In base 11, what is 6557 + 59?
6605
In base 14, what is -165c - -86?
-15b6
In base 2, what is 10001110011110 + -100?
10001110011010
In base 15, what is 4e7d + 1?
4e7e
In base 13, what is -a41 - -294?
-77a
In base 16, what is 43 - -4ea3?
4ee6
In base 4, what is 20 - -1000121?
1000201
In base 10, what is -5 - 105118?
-105123
In base 13, what is -3 - -2bc330?
2bc32a
In base 10, what is 10848 + -2?
10846
In base 5, what is 2404214 - -4?
2404223
In base 7, what is 220041 + -5?
220033
In base 3, what is 220120 + 110?
221000
In base 16, what is a1 + -ff?
-5e
In base 6, what is 312 + -350?
-34
In base 4, what is 332 + -23121033?
-23120101
In base 7, what is -1266 - -45?
-1221
In base 6, what is 3225 - 5032?
-1403
In base 7, what is -31 + -2010216?
-2010250
In base 10, what is -4095 - -56?
-4039
In base 14, what is 47 - -694?
6db
In base 9, what is -5 - 703?
-708
In base 7, what is 16 - 235405?
-235356
In base 7, what is 1 + 3114164?
3114165
In base 5, what is 3 + 2030231?
2030234
In base 5, what is 0 + -1143014?
-1143014
In base 12, what is 499765 + 4?
499769
In base 11, what is 16 + -3190?
-3175
In base 12, what is -3ba1 - 1?
-3ba2
In base 3, what is -210112012 - 111?
-210112200
In base 2, what is 100100000101111100 + 11?
100100000101111111
In base 4, what is -2230200232 - -1?
-2230200231
In base 6, what is 50354 - -34?
50432
In base 6, what is -30253 - 34?
-30331
In base 14, what is -6a622 + -1?
-6a623
In base 5, what is 113423 + -12000?
101423
In base 14, what is 1ac8 + 8?
1ad2
In base 8, what is -377304 - -4?
-377300
In base 13, what is a370 - -5?
a375
In base 10, what is -1 - 104740?
-104741
In base 14, what is 3 - -25a2?
25a5
In base 4, what is -2 - 121231120?
-121231122
In base 14, what is -4092b - -2?
-40929
In base 8, what is 737434 - 2?
737432
In base 16, what is 73c + 2?
73e
In base 16, what is -3900 - -8?
-38f8
In base 13, what is 231a4 - -3?
231a7
In base 5, what is -10412 + 122042?
111130
In base 16, what is -2 + 8f533?
8f531
In base 6, what is -1510 + 1401?
-105
In base 10, what 